 (-10 - (8 + -17)) + -11?
-12
Evaluate -1 + (-34 - (24 - 47)).
-12
What is the value of -15 + 1 + 5 + (21 - 8)?
4
Calculate 4 + (-37 - (-17 - 19)).
3
What is the value of -13 + 7 + 8 + 6 + -20 + -4?
-16
What is the value of (-125 - -126) + 0 + 2?
3
What is -19 + 6 + (-1 - 3) + (7 - 2)?
-12
Calculate -13 - (4 - (-8 + (17 - -1))).
-7
What is (21 - (-17 - -40)) + 17?
15
(81 - 76) + (5 - 0 - 0 - -7)
17
Calculate (-24 - -28) + 15 - 38.
-19
Calculate (-2 - -12) + (-20 + 5 - -6).
1
Calculate (0 - 2) + (-2 - 32) + 36.
0
(-18 - -30) + (23 - 13) + -13
9
What is 47 + -7 - (26 + -2 + -7)?
23
-37 + -2 + (218 - 183)
-4
(23 - 14) + -23 + -12
-26
8 - (-19 - (-51 - -13))
-11
Calculate 17 - 12 - (-9 - (2 - 8)) - 6.
2
9 + 8 + -28 + 11
0
Evaluate (1 - -1) + 30 + 65 + 8 + -78.
27
Evaluate (3 - -5) + -14 + 6.
0
What is -42 + (54 - 0) - (11 - -1 - 1)?
1
Evaluate 15 + -1 + -5 - -3.
12
Calculate 0 - -35 - (-29 + -30 - -55).
39
Calculate (-2 - -3) + (-13 - -27).
15
Calculate -8 + -7 - (-36 - -20).
1
-1765 + 1766 - (-27 + 0)
28
-5 + -5 + 12 + -13
-11
What is 9 + (5 + -12 - -1 - -10)?
13
What is the value of (15 + -9 - (-1 + 2)) + -1 + -12?
-8
What is -25 + (28 - 15) - -21 - 25?
-16
What is the value of 34 + -21 + 15 + -21?
7
Evaluate 3 - 39 - (70 - 77).
-29
1 - 17 - (-2 - -2) - (99 - 104)
-11
9 + -1 + -1 + -3 + 5
9
Calculate 18 - (-11 + -5 + 36).
-2
Evaluate 29 + (-28 - -25) + -23.
3
What is the value of -2 + (19 - (12 + -2 + (22 - 25)))?
10
What is (-7 - (10 - (12 + -5 + 4))) + -8?
-14
What is the value of (-3 - (24 + (-16 - -8))) + 8?
-11
What is 10 - ((1 - 0) + -2) - (-5012 + 5021)?
2
Calculate 4 + -17 + -2 - -32.
17
What is the value of (178 - 164) + -19 + -4?
-9
(-5 - -2 - (-5 - -1)) + (-8 - -11)
4
Evaluate (7 - 10) + -16 - (-9 + 2).
-12
What is 6 + 9 + -265 + 243?
-7
What is the value of 12 + -51 + 56 + -10 + 5?
12
What is -3 + -2 + 12 + (1 + -4 - -3)?
7
Calculate -1337 - -1370 - (55 + 0).
-22
Calculate 23 + 1 + -4 + 2 + -10.
12
What is the value of -4 + 3 + -29 + 30?
0
Calculate (-11 + -17 - -17) + -22 + (5 - 2).
-30
What is 1 - (-2 + 6) - ((-5 - -1) + 9)?
-8
Calculate -14 + 5 - ((5 - (-8 - -16)) + -5).
-1
Calculate -11 + (39 - -4) - 3 - -2.
31
What is the value of 7 + -7 - 1 - ((-6 - -7) + -3)?
1
What is (-17 - -45) + 2 + 0 - 18?
12
Calculate -13 + (17 - (-7 + 14)).
-3
What is (45 - 24) + -72 - -32?
-19
What is (-11 + -1 - -8) + -15 + 6?
-13
What is the value of -1 + (1 - (-7 - -2)) + -9?
-4
What is the value of -6 + 4 - ((-1 - -5) + -5) - 2?
-3
7 + -1 - ((-14 - -8) + 24)
-12
Calculate -1 + (4 - 0) + (-3 - 2) + 3.
1
What is -13 - -2 - 1 - (-1 - (1 + 2))?
-8
What is 37 + (-8 - 17 - -11)?
23
What is the value of 9 + -7 + 2 - (-9 + 8)?
5
What is (-4 - -14) + (-1 - -2) - -4?
15
Evaluate -6 - -1 - (99 - 104) - (-4 + 1).
3
What is the value of (-2 - (3 - 7)) + -14 + 21?
9
What is 1 - (5 - (2 + 3 + -8)) - -8?
1
Evaluate (-7 - 1) + 0 - 5 - (2 + -2).
-13
493 + -471 + 4 + -2 + -10
14
Calculate (-5 + -3 + 4 - -8) + (-5 - -5).
4
What is the value of -13 - (-5 + (-6 + 4 - -7 - 1))?
-12
Evaluate 6 + (-17 - -3 - (-3 - 4)).
-1
What is (-150 - -158) + (0 - (-1 - 0))?
9
12 + 8 + (-2 - 12)
6
What is -19 + 13 - ((6 - 5) + -28 + 5)?
16
Calculate 0 - (-3 - -8 - 8) - (-4 + 4).
3
-6 + -5 + -20 + 21
-10
Calculate -88 - -83 - (5 - -12).
-22
What is the value of 9 + (-9 - (2 + 4 - 7))?
1
-8 + (1 - (-7 + 7)) + 3
-4
Evaluate (-2571 - -2527) + (60 - 0).
16
-34 + -48 + 89 - 41
-34
Evaluate -2 + (8 - -54) + -38.
22
What is the value of (48 - 46) + -1 + -24?
-23
(-11 + 15 - 7) + 6 + -13
-10
Calculate (11 - (1 + -2 - -8) - 5) + 4.
3
6 + 29 + -13 - 27
-5
Evaluate -20 + 4 + -23 + 21.
-18
-3 - (-1 - 0 - (2 - (-9 + -1)))
10
20 - -8 - 13 - (-13 + 1)
27
What is -6 - (-2 - -32) - (22 - 28)?
-30
What is (-40 + 162 - 114) + 1 + -26 + 1?
-16
Evaluate -10 - (-12 - -6 - 3).
-1
What is (0 - 8) + 13 + -16?
-11
What is the value of 45 + 20 - 62 - (-1 + 1)?
3
Calculate 20 - (12 + 12) - -26.
22
Calculate -35 + (-21 - (-30 - 12)).
-14
Calculate 1 + 7 + (-259 - -265).
14
Evaluate -1 + (3 - (4 + 0)) - 3.
-5
What is the value of 10 - (-1 + 3) - (-3 + 2 + 6)?
3
What is -5 - -2 - (-359 + 340)?
16
Calculate -2 - -1 - (4 + -16) - -4 - 6.
9
-3 + 9 + 5 - 16
-5
What is 14 - (24 - (-16 - -13))?
-13
Calculate 12 - (12 + -6 + 12).
-6
18 + (-4 + 3 - 1) + 209 + -195
30
What is the value of -5 + -4 + 12 + -10?
-7
What is the value of (1323 - 1312) + (-1 - 1) + -25?
-16
-30 + (0 - -17) + 10 - -14
11
Calculate (0 - 12) + (33 - (-24 - -32)).
13
What is the value of (18 - 16) + 12 + -3 + -10?
1
Evaluate 38 + -51 + -6 + -4 + 28.
5
-22 + (18 - (-6 - -6))
-4
Calculate -2 + (0 - 2) + 15 + -21.
-10
-7 + (2 - -1) + 3 + 19 + -19
-1
Calculate -1 + (-23 + 14 - -3) + 13.
6
15 - (40 + -15 - 1)
-9
What is 5 + 8 + -18 - -16?
11
What is -1 + 65 + -34 - 22?
8
Calculate 19 + -4 + -12 - 14.
-11
What is 6 + -1 + (759 - 772)?
-8
What is the value of 0 + (-1 - 14) + 34 + -24 + -6?
-11
What is the value of 34 + -63 - (-6 + -9 - 0)?
-14
What is the value of (-23258 - -23245) + 1 + 0 + 2 + 0?
-10
-14 + 11 + -15 + 15 + -3
-6
Calculate (-6 + 3 - -9) + -14 + (13 - 14).
-9
Evaluate -6 + (13 - 6) + -6 - 7.
-12
Evaluate -9 + (0 - -35 - (12 + (-6 - -1))).
19
What is -13 - 0 - (-3 - (11 + -10))?
-9
What is -14 + 9 + -5 - (7 + 5 + -20)?
-2
What is (-37 - -23) + (-4 + 6 - -3)?
-9
Evaluate 6 + 41 + 3 + (-29 - -10).
31
What is the value of 11 + -2 + -7 + (-12 - -4 - -18)?
12
4 - (1 + 25 - ((-28 - -6) + 17))
-27
Calculate 7 + (0 + -7 - -9 - 7).
2
(-12 - -41) + -11 + (-9 - -5)
14
What is (-3 - 1) + (-8 - -5 - 8) - -7?
-8
What is the value of (139 - 139) + (4 - -1)?
5
-22 + 10 + 53 + -17
24
What is the value of -1 + 8 - (-59 - -58) - 22?
-14
Evaluate (-26 + 38 - 6) + -1 + 10.
15
-2 + 2 + 5 + (43 - 43)
5
Calculate -26 - -10 - -15 - (4 + -2 + -17).
14
What is the value of 18 - 18 - (-4 + 15)?
-11
-133 + 129 + (0 - (0 + 1)) + -10
-15
Evaluate (0 - 0) + 3 + 2 - (385 + -396).
16
Calculate -19 - -7 - (14 - -15 - 9).
-32
(-9 + 13 + -7 + -3 - -1) + -4
-9
Evaluate -51 + 42 + 2 + (-6 - 2).
-15
What is the value of 15 - ((1 - ((4 - 4) + 2)) + 2)?
14
Evaluate -23 - (17 + 10 + -50).
0
What is (4 - -4) + (-6 - (28 + 7)) + 3?
-30
Evaluate (50 - (13 - -19)) + 5.
23
What is (-1 - (-6 - -4)) + -7?
-6
What is the value of -49 - -44 - (2 - (-4 + -1))?
-12
Evaluate 9 + -2 + -3 + (35 - 22).
17
What is -41 + (56 + -30 - -19)?
4
Calculate (-5 - 3 - (-3 + 3)) + 3.
-5
What is the value of 7 + 0 - (-38 + 19 + 6)?
20
Calculate (-37 - -20) + -10 + 36.
9
Calculate 1 + -3 + 7 - (-60 + 26 + 24).
15
What is the value of 45 + -44 + 4 + -19 + -3?
-17
What is (-25 - -11) + 13 + 4 - (0 - 6)?
9
Evaluate -1 - 4 - ((60 - 52) + -48).
35
What is the value of -39 + 72 + 0 + -20?
13
-14 + 20 - (7 - 7)
6
Calculate (13 - -10) + -23 - (13 - 1).
-12
What is 0 - (4 + (-1 - -8 - 13)) - 7?
-5
What is 2 - 10 - -7 - (-2 + 0 - 5)?
6
What is -46 + (38 - 24) - -25?
-7
Evaluate 4 + (3 - 5) + -2 - (14 + 2).
-16
(-5 - 1) + 18 + -4 + -22
-14
What is the value of -116 + 31 + 60 - (1 + -13)?
-13
What is 34 + -15 + 10 + -11 + -10?
8
Calculate -2 - 11 - (-834 + 811).
10
What is the value of -4 + -17 + ((-9 - 3) + 6 - -6)?
-21
Evaluate 1 - (-12 + 2 + (-60 - -72)).
-1
Calculate (-187 - -195) + 0 + -10.
-2
What is the value of 20 - (-2 - 14 - (-21 - -19 - 8))?
26
What is the value of -7 + -1 - (-2 + (-10 + -8 - -8))?
4
What is -98 - -92 - (-4 - (-17 + 5))?
-14
(1 - -6 - 6) + -9 + 15
7
6 - (-8 + 0 + 34) - -11
-9
What is the value of -5 + 16 + -25 + -2 + -17 + 9?
-24
27 + 1 + -19 + 18
27
What is -16 - (-7 + (-2 + -5 - -7))?
-9
What is the value of 11 + (21 + -20 - 10)?
2
What is 725 + -697 - (-4 + -3 - -1)?
34
Calculate -19 + (51 - 25) - (-4 + (3 - 2)).
10
Calculate -7 - ((-1 + -7 + 5 - 5) + 13).
-12
Calculate 17 + -1 + -8 - 6.
2
(-1 - 4 - 1) + 5 + (10 - 0)
9
Evaluate 12 - ((-62 - -35) + 59).
-20
What is the value of -1 - (10 - (4 + 9))?
2
Evaluate -8 - (9 - (2 - -22) - -11).
-4
Evaluate -6 - (-10 - (-16 + 5 + -11 + -4)).
-22
Calculate (-3 - 14) + (-37 - -42).
-12
What is (-7 - (0 - 3)) + -3 - -13?
6
Evaluate 4 - 0 - (5 - (-15 + 11)).
-5
What is the value of 3 - 1 - (-19 + 28) - -18?
11
Calculate 21 + (9 - (17 - 10)) - 5.
18
What is the value of 36 - 0 - (-64 - -81) - 40?
-21
Calculate 56 + -46 + (-35 - -41).
16
Evaluate 1 + -4 + -2